2*q + 107. Calculate v(-9).
-10
Let m(r) = -12*r + 35. Calculate m(0).
35
Let b(j) = 2*j**2 - 478*j + 5014. Give b(228).
-2
Let j(a) = 540*a + 2195. Give j(-4).
35
Let x(f) = 2*f**2 - 38*f + 45. Calculate x(15).
-75
Let o(p) = 10*p**2 + 29*p + 2. Give o(-6).
188
Let o(c) = 8*c**2 - 843*c + 320. Calculate o(105).
5
Let v(l) = l**3 - 14*l**2 + 22*l - 122. What is v(13)?
-5
Let x(m) = -m**3 + 17*m**2 + 3709*m + 72. Calculate x(70).
2
Let f(z) = 2*z**2 + 142*z - 736. Give f(-76).
24
Let v(y) = y**2 - 7*y - 10932. Determine v(108).
-24
Let g(x) = -x**2 + 5720*x - 34292. Calculate g(6).
-8
Let m(w) = -1294*w + 6456. Give m(5).
-14
Let l(n) = n**3 + 17*n**2 - 1730*n + 206. Determine l(-51).
2
Let u(a) = 71*a - 1640. What is u(23)?
-7
Let a(p) = 88*p - 1592. What is a(18)?
-8
Let o(i) = 345*i - 10855. Determine o(31).
-160
Let c(z) = -z**2 + 24*z - 228. Determine c(7).
-109
Let b(k) = k**3 + 76*k**2 - 147*k + 660. Determine b(-78).
-42
Let c(d) = 25*d + 42. Determine c(-1).
17
Let j(z) = 3*z**3 - 302*z**2 + 1069*z - 202. Determine j(97).
-8
Let n(x) = 3*x**3 - 7*x**2 + 347*x - 1028. Give n(3).
31
Let x(z) = -224*z + 2004. Calculate x(9).
-12
Let t(x) = 2*x**3 + 53*x**2 - 31*x - 116. Calculate t(-27).
-8
Let d(i) = i**2 - 79*i - 5604. Give d(124).
-24
Let b(k) = -3*k**2 - 18*k - 58. Calculate b(-4).
-34
Let y(t) = -10285*t + 20581. Calculate y(2).
11
Let z(x) = -x**3 + 4*x**2 - 123*x + 649. What is z(5)?
9
Let q(n) = 70*n - 274. Calculate q(3).
-64
Let d(j) = 2*j + 61. Give d(-3).
55
Let s(w) = -w**3 - 13*w**2 - 40*w - 9. Give s(-5).
-9
Let p(v) = 156*v + 472. What is p(-3)?
4
Let r(a) = -2*a**3 - 14*a - 95. What is r(-6)?
421
Let i(z) = z**2 - 96*z + 1192. Give i(80).
-88
Let d(n) = -n**3 + 31*n**2 + 114*n - 286. Give d(34).
122
Let g(i) = i**3 - 51*i**2 + 229*i + 100. Determine g(46).
54
Let q(y) = -3*y**2 - 293*y - 6211. What is q(-31)?
-11
Let k(z) = -21*z**2 - 346*z - 213. Determine k(-16).
-53
Let k(u) = -u**3 - 32*u**2 - 145*u - 35. Calculate k(-5).
15
Let g(b) = -249*b - 3990. Give g(-16).
-6
Let a(t) = -2*t**3 + 12*t**2 + 21*t - 39. What is a(9)?
-336
Let x(p) = -3088*p - 3085. Calculate x(-1).
3
Let o(t) = -49*t**2 + 887*t - 88. Calculate o(18).
2
Let u(z) = z**3 - 46*z**2 + 30*z + 730. Calculate u(45).
55
Let u(v) = -18*v + 76. Determine u(2).
40
Let r(x) = -x**2 - 110*x + 1286. Determine r(11).
-45
Let a(g) = 226*g - 3839. Calculate a(17).
3
Let b(z) = 20*z - 46. Determine b(4).
34
Let r(w) = -w**3 + 9*w**2 + 39*w - 159. Give r(9).
192
Let r(a) = a**3 + 14*a**2 - 206*a + 29. Give r(-23).
6
Let p(f) = 5*f - 247. What is p(23)?
-132
Let l(s) = 17*s**2 - 54*s - 54. Determine l(-1).
17
Let v(z) = -z**2 - 79*z - 377. Give v(-5).
-7
Let a(k) = k**2 + 62*k - 116. Determine a(-61).
-177
Let g(q) = -q**3 + 5*q**2 - 28*q + 65. Determine g(3).
-1
Let c(x) = 2*x**3 - 14*x**2 - 2*x + 10. Give c(8).
122
Let a(f) = -f**2 - 45*f - 553. Determine a(-38).
-287
Let i(p) = -p**3 + 3*p**2 - 33*p + 196. What is i(5)?
-19
Let d(l) = 1601*l - 14409. What is d(9)?
0
Let j(q) = -5*q + 179. Calculate j(0).
179
Let n(k) = -k**2 + 10*k + 33. Determine n(-6).
-63
Let u(n) = -3*n**3 - 62*n**2 + 26*n + 74. Calculate u(-21).
-31
Let n(r) = r**2 - 2*r - 146. Give n(-11).
-3
Let p(z) = 46*z - 442. What is p(10)?
18
Let g(k) = -k**3 - 6*k**2 + 13*k + 24. What is g(-8)?
48
Let i(s) = 643*s + 17367. Calculate i(-27).
6
Let q(r) = -4*r**2 + 286*r - 2857. What is q(12)?
-1
Let u(z) = -76*z**2 - 378*z + 15. What is u(-5)?
5
Let j(d) = -d**3 + 5*d**2 + 2*d - 5. Give j(5).
5
Let c(v) = -2*v**3 + 38*v**2 + 22*v + 510. Calculate c(20).
150
Let w(i) = -7*i**2 + 281*i + 234. Determine w(41).
-12
Let u(z) = -12*z + 24. Determine u(6).
-48
Let c(f) = 54*f**2 + 655*f - 615. Determine c(-13).
-4
Let g(k) = -12*k**3 + 477*k**2 + 119*k + 5. Give g(40).
-35
Let l(c) = -2*c**3 + 9*c**2 - 28*c - 66. Calculate l(8).
-738
Let n(x) = x**3 - 9*x**2 + 18*x - 15. What is n(7)?
13
Let d(b) = -37*b - 319. Give d(-8).
-23
Let n(g) = 276*g + 400. Determine n(-2).
-152
Let b(f) = 2*f**3 - 6*f**2 - 20*f + 6. Give b(5).
6
Let h(c) = -5*c**3 + 5*c**2 + 65*c - 7. Determine h(4).
13
Let r(x) = -x**3 - 23*x**2 + 69*x + 300. Determine r(-25).
-175
Let g(a) = 522*a - 19911. Give g(38).
-75
Let v(g) = -12*g**2 + 398*g - 781. Calculate v(2).
-33
Let j(a) = a**2 - 69*a + 145. What is j(2)?
11
Let c(p) = 36*p**3 + 5286*p**2 - 881*p + 151. Calculate c(-147).
4
Let y(j) = -4*j**3 - 14*j**2 - 25*j - 46. Give y(-3).
11
Let v(k) = -16*k - 296. Give v(-17).
-24
Let l(y) = -2*y**2 - 68*y - 50. Give l(-29).
240
Let m(c) = -4*c**2 - 95*c - 93. Calculate m(-1).
-2
Let a(s) = s**2 + 35*s + 104. Determine a(-3).
8
Let y(w) = -w**2 - 13*w - 93. Give y(-7).
-51
Let x(r) = -11*r**2 - 150*r - 157. Give x(-13).
-66
Let m(r) = -142*r + 5253. Determine m(37).
-1
Let y(x) = -129*x + 841. Give y(6).
67
Let f(u) = 4*u**3 + 52*u**2 + 6*u + 84. Give f(-13).
6
Let s(d) = -d**3 + 20*d**2 - 3*d + 36. Determine s(20).
-24
Let a(n) = 8*n**3 - 9*n + 13. What is a(2)?
59
Let d(y) = -y**2 + 8*y + 6. What is d(9)?
-3
Let h(f) = f**2 - 55*f + 135. What is h(24)?
-609
Let k(c) = -8*c**2 + 57*c - 46. Determine k(6).
8
Let o(w) = -21*w**2 + 64*w - 86. Determine o(2).
-42
Let a(z) = 3*z**2 + 2*z - 5. Give a(2).
11
Let c(u) = 4*u**2 - 36*u + 92. Give c(6).
20
Let j(g) = 143*g + 8391. Calculate j(-58).
97
Let h(x) = -35*x**3 - 33*x**2 + 32*x + 1. Calculate h(1).
-35
Let l(b) = 47*b - 59. Determine l(3).
82
Let z(v) = 2*v**2 - 307*v + 5131. What is z(19)?
20
Let h(i) = 5*i**2 - 7*i - 33. Calculate h(5).
57
Let m(g) = -40*g**3 - 14. Determine m(0).
-14
Let j(h) = 3*h**2 + 112*h - 12. What is j(-37)?
-49
Let c(y) = -y**2 + 27. Determine c(0).
27
Let d(f) = -f**2 + 108*f - 808. Determine d(99).
83
Let k(h) = -h**2 + 3*h + 19. Give k(-3).
1
Let o(h) = -29*h - 419. Determine o(-14).
-13
Let c(l) = 179*l - 163. Give c(3).
374
Let d(r) = 27*r + 42. Calculate d(-10).
-228
Let t(q) = 10*q**2 - 37*q + 36. Give t(1).
9
Let j(q) = -q**3 + 6*q**2 + q - 15. What is j(5)?
15
Let g(q) = -551*q - 2732. What is g(-5)?
23
Let r(o) = -1771*o + 10618. Give r(6).
-8
Let f(a) = a**3 - 50*a**2 + 255*a + 401. Determine f(44).
5
Let z(q) = -q**3 - 8*q**2 + 13*q + 14. Calculate z(-9).
-22
Let j(r) = 4386*r - 8766. Calculate j(2).
6
Let m(z) = 214*z - 1062. Determine m(5).
8
Let r(w) = 3*w**3 + 34*w**2 + 54*w - 16. Determine r(-2).
-12
Let n(l) = -39*l - 5. Give n(1).
-44
Let m(a) = 925*a + 1888. Determine m(-2).
38
Let c(i) = -2*i**3 - 47*i**2 - 14*i + 88. Give c(-23).
-119
Let p(g) = g**3 + 99*g**2 + 195*g + 101. Calculate p(-97).
4
Let r(k) = -242*k + 443. Calculate r(2).
-41
Let p(i) = -12*i**3 - 3*i**2 - 63*i - 60. Give p(-1).
12
Let c(q) = -2*q**2 + 38*q - 83. Determine c(21).
-167
Let k(c) = 6*c - 265. Determine k(43).
-7
Let f(b) = -b**3 + 22*b**2 - 20*b + 430. Give f(22).
-10
Let p(c) = -56*c - 369. Calculate p(-6).
-33
Let r(q) = 25*q**2 + 39*q. Calculate r(-3).
108
Let h(i) = -i**2 + 8*i + 79. Calculate h(15).
-26
Let k(r) = 3*r + 153. Give k(-51).
0
Let f(b) = -17*b**2 - 112*b + 1003. Determine f(5).
18
Let n(r) = -504*r - 20682. What is n(-41)?
-18
Let q(m) = 24*m + 126. Calculate q(-11).
-138
Let i(r) = r**3 - 40*r**2 - 121*r - 357. Calculate i(43).
-13
Let j(r) = 8*r**2 - 159*r + 619. Determine j(4).
111
Let o(u) = 12*u**3 - 56*u - 234. What is o(-4)?
-778
Let z(x) = x**3 + 15*x**2 + 14*x + 141. Determine z(-15).
-69
Let h(c) = 2*c - 182. Determine h(21).
-140
Let s(i) = -2*i**2 + 190*i - 1706. Determine s(85).
-6
Let k(p) = -2*p**2 + 96*p + 2319. What is k(66)?
-57
Let u(d) = -6*d - 34. Calculate u(-29).
140
Let l(q) = -q**3 - 10*q**2 - 9*q + 3. What is l(-7)?
-81
Let g(c) = c**3 - 3*c**2 - 24*c + 41. Give g(6).
5
Let i(y) = y**3 + 26*y**2 - 81*y + 170. What is i(-29)?
-4
Let d(v) = -13*v**3 + 3*v**2 + 7*v - 36. Determine d(2).
-114
Let o(n) = -302*n - 7603. Calculate o(-25).
-53
Let b(y) = -41*y - 1373. Calculate b(-39).
226
Let v(f) = 50*f + 116. What is v(-4)?
-84
Let r(f) = f + 36. Give r(5).
41
Let p(q) = 2*q**3 - 70*q**2 + 141*q - 205. Give p(33).
92
Let m(u) = 14*u**2 + 6*u - 6. Give m(-5).
314
Let n(c) = 1093*c + 64512. Calculate n(-59).
25
Let i(s) = -56*s + 1007. Give i(15).
167
Let v(w) = 45*w + 225. Calculate v(-6).
-45
Let p(v) = v**3 + 29*v**2 - 9*v -